 12) to base 7
104112
373 (base 9) to base 7
621
-d0d (base 15) to base 11
-2231
-92a (base 14) to base 7
-5153
What is 72022 (base 8) in base 13?
106a9
What is 24e (base 16) in base 5?
4330
Convert 211002 (base 3) to base 2.
1001010100
Convert 2100200 (base 4) to base 6.
110452
What is -11220 (base 4) in base 6?
-1400
Convert -2200110 (base 3) to base 8.
-3644
Convert 705 (base 10) to base 16.
2c1
Convert -11000001101 (base 2) to base 9.
-2111
What is -232033 (base 4) in base 16?
-b8f
11010111011 (base 2) to base 9
2324
Convert 19c0 (base 15) to base 6.
41500
-83 (base 10) to base 11
-76
What is 21933 (base 11) in base 2?
111101111111010
Convert 2cc5 (base 16) to base 10.
11461
-2807 (base 14) to base 15
-215d
What is 6877 (base 12) in base 4?
2311123
What is 1342 (base 5) in base 14?
11c
What is -405 (base 7) in base 9?
-243
Convert 4526 (base 9) to base 5.
101340
What is -172 (base 16) in base 10?
-370
What is -30765 (base 8) in base 6?
-135113
4078 (base 12) to base 5
211004
Convert -72 (base 10) to base 8.
-110
What is 33143 (base 5) in base 7?
6462
Convert -2a7 (base 15) to base 5.
-4412
25144 (base 6) to base 2
111010011000
What is 6307 (base 10) in base 16?
18a3
Convert -2804 (base 9) to base 3.
-2220011
What is -4133 (base 5) in base 10?
-543
What is 53253 (base 6) in base 9?
10826
What is 2021 (base 3) in base 10?
61
What is -4555 (base 6) in base 4?
-100313
Convert 3c3 (base 13) to base 16.
29a
What is 37275 (base 8) in base 12?
9365
What is -257 (base 10) in base 9?
-315
-1007 (base 8) to base 4
-20013
27311 (base 8) to base 2
10111011001001
37143 (base 8) to base 10
15971
What is 23a (base 11) in base 3?
101120
Convert 443324 (base 6) to base 14.
d712
Convert b8 (base 14) to base 7.
321
What is -51 (base 13) in base 16?
-42
What is -2211 (base 7) in base 8?
-1430
Convert 110001 (base 5) to base 13.
1927
What is -2169 (base 14) in base 2?
-1011010010001
What is -251340 (base 6) in base 13?
-a257
What is 101513 (base 7) in base 2?
100001111111101
Convert -1113112 (base 4) to base 6.
-41514
Convert 114 (base 13) to base 4.
2322
-4355 (base 8) to base 4
-203231
Convert -31140 (base 6) to base 10.
-4164
What is -1034 (base 7) in base 13?
-224
22212 (base 3) to base 9
285
Convert -1435 (base 8) to base 9.
-1075
255b (base 13) to base 10
5315
What is 33411 (base 8) in base 14?
51c5
What is -4887 (base 9) in base 12?
-2137
-830 (base 15) to base 16
-735
What is -604 (base 10) in base 4?
-21130
Convert -863a (base 12) to base 4.
-3212032
What is 34553 (base 6) in base 12?
2a59
Convert -2 (base 15) to base 2.
-10
-44504 (base 11) to base 10
-64497
86501 (base 9) to base 14
16c28
What is 3232120 (base 4) in base 14?
57ba
2132211 (base 5) to base 6
441124
Convert 21630 (base 7) to base 13.
2640
Convert 533 (base 8) to base 9.
425
Convert -211022 (base 3) to base 16.
-25a
Convert -1143 (base 9) to base 8.
-1521
What is 1d2a (base 14) in base 11?
4006
What is -1424 (base 7) in base 2?
-1000101101
Convert 1053 (base 13) to base 7.
6414
Convert 1111 (base 6) to base 7.
520
What is 225 (base 7) in base 4?
1311
Convert -10260 (base 7) to base 14.
-cd7
What is -86c (base 13) in base 8?
-2642
-a480 (base 12) to base 6
-215040
Convert 512 (base 6) to base 13.
116
Convert 166 (base 14) to base 12.
1ba
What is -193 (base 13) in base 16?
-121
Convert 4348 (base 9) to base 3.
11101122
-1a741 (base 12) to base 14
-1034d
Convert 50242 (base 7) to base 4.
2331211
124 (base 12) to base 6
444
Convert -133 (base 11) to base 7.
-313
Convert 680 (base 9) to base 14.
2bc
Convert 11122210 (base 3) to base 11.
2608
-9566 (base 11) to base 4
-3011300
-cd0 (base 14) to base 8
-4746
Convert 111000110001 (base 2) to base 5.
104013
20132011 (base 4) to base 15
a42d
What is 8876 (base 12) in base 8?
35332
768b (base 12) to base 11
98aa
What is -1a36 (base 13) in base 15?
-1272
What is 1e4 (base 16) in base 6?
2124
What is -104 (base 16) in base 4?
-10010
What is -302222 (base 4) in base 3?
-11110002
What is -4264 (base 13) in base 8?
-21770
What is 25251 (base 6) in base 9?
5154
Convert 158 (base 9) to base 8.
206
Convert -9 (base 13) to base 14.
-9
Convert 12458 (base 9) to base 11.
6343
-452 (base 15) to base 2
-1111010001
What is 8b (base 12) in base 10?
107
111011011010 (base 2) to base 5
110202
Convert 36372 (base 8) to base 12.
904a
Convert 11604 (base 8) to base 3.
20212001
What is 34 (base 5) in base 16?
13
What is -21416 (base 12) in base 10?
-43794
Convert -313 (base 12) to base 15.
-1ec
What is -11111 (base 6) in base 14?
-7d1
30146 (base 7) to base 8
16166
What is -1100012 (base 3) in base 13?
-5a2
-1742 (base 8) to base 7
-2620
What is -102000 (base 8) in base 5?
-2040132
Convert -99 (base 14) to base 8.
-207
What is a24 (base 12) in base 10?
1468
Convert 23213 (base 6) to base 10.
3321
b47 (base 15) to base 3
10111011
Convert 11d (base 16) to base 11.
23a
Convert -1120414 (base 5) to base 6.
-233033
What is -1001000100101 (base 2) in base 8?
-11045
What is -1360 (base 14) in base 13?
-172a
-1061 (base 9) to base 8
-1420
13312 (base 5) to base 15
4c2
What is 3453 (base 6) in base 3?
1010120
-24350 (base 13) to base 4
-100032302
What is 5472 (base 9) in base 2?
111111000010
ab0 (base 12) to base 6
11140
What is 32c (base 15) in base 10?
717
What is -a571 (base 13) in base 2?
-101100101111011
Convert 1270 (base 8) to base 10.
696
What is -89 (base 15) in base 2?
-10000001
-10927 (base 12) to base 10
-22063
Convert 646 (base 8) to base 9.
518
What is -20a1 (base 12) in base 7?
-13300
Convert -2112111 (base 4) to base 15.
-2cb6
Convert -11331 (base 4) to base 14.
-1d3
5521 (base 6) to base 2
10011111001
6055 (base 7) to base 6
13414
What is 100002100 (base 3) in base 10?
6624
What is -1a463 (base 11) in base 3?
-1110002201
Convert -153 (base 11) to base 7.
-344
1da3 (base 16) to base 2
1110110100011
What is -1000 (base 8) in base 2?
-1000000000
What is 610 (base 7) in base 10?
301
What is -3839 (base 15) in base 8?
-27313
What is 12d (base 15) in base 3?
100221
-14d86 (base 16) to base 10
-85382
1664 (base 8) to base 2
1110110100
Convert 6641 (base 10) to base 3.
100002222
Convert 562 (base 8) to base 9.
451
169 (base 15) to base 4
11010
Convert 2226 (base 7) to base 8.
1444
What is 110011101 (base 2) in base 14?
217
Convert 19a (base 14) to base 2.
101001100
Convert -312 (base 13) to base 6.
-2230
Convert 101111010 (base 2) to base 14.
1d0
What is 11111011 (base 2) in base 3?
100022
What is 1a06 (base 14) in base 16?
1266
What is -ac (base 16) in base 9?
-211
What is -201210 (base 3) in base 14?
-2a2
333214 (base 5) to base 2
10110110100100
Convert 11110110111101 (base 2) to base 6.
201101
What is -1110011111 (base 2) in base 12?
-653
Convert -a70 (base 14) to base 11.
-1601
What is 5b (base 15) in base 6?
222
-3141 (base 8) to base 4
-121201
10064 (base 12) to base 8
50514
What is -13418 (base 10) in base 4?
-3101222
What is 113213 (base 4) in base 2?
10111100111
Convert 11001010001 (base 2) to base 14.
837
247 (base 15) to base 7
1336
-12403 (base 6) to base 7
-5316
2684 (base 13) to base 16
158c
What is 2413 (base 5) in base 12?
25a
What is 18631 (base 11) in base 14?
96c9
22002010 (base 3) to base 4
1130001
What is 1067 (base 8) in base 12?
3b3
What is 1202012 (base 3) in base 13?
770
What is -32203212 (base 4) in base 6?
-1140010
-a140 (base 11) to base 14
-4ca7
Convert 1c23 (base 13) to base 4.
1002132
Convert -10100110011 (base 2) to base 3.
-1211022
What is 930 (base 15) in base 9?
2750
What is 32c (base 15) in base 7?
2043
What is -e61b (base 15) in base 14?
-13a14
What is 100010100101000 (base 2) in base 8?
42450
What is -6743 (base 12) in base 5?
-331202
What is -855 (base 12) in base 9?
-1602
What is -1113202 (base 5) in base 16?
-4d5a
22a (base 13) to base 9
455
-220120 (base 4) to base 7
-10351
Convert 10101101000 (base 2) to base 12.
974
Convert -6814 (base 12) to base 7.
-45430
12007 (base 8) to base 10
5127
1000241 (base 5) to base 7
63522
What is -177 (base 12) in base 14?
-12b
Convert -1612 (base 7) to base 16.
-286
1573 (base 11) to base 3
2202200
Convert -16db (base 15) to base 11.
-3783
Convert -232011 (base 5) to base 16.
-20bd
Convert 8 (base 13) to base 9.
8
66300 (base 8) to base 9
42163
Convert 2335 (base 10) to base 6.
14451
Conv